{"id":1301,"date":"2023-10-26T06:58:24","date_gmt":"2023-10-26T06:58:24","guid":{"rendered":"https:\/\/fresquedescybercitoyens.fr\/qui-sommes-nous\/"},"modified":"2023-10-26T06:58:24","modified_gmt":"2023-10-26T06:58:24","slug":"qui-sommes-nous","status":"publish","type":"page","link":"https:\/\/fresquedescybercitoyens.fr\/de\/qui-sommes-nous\/","title":{"rendered":"Qui sommes-nous ?"},"content":{"rendered":"<blockquote><p><em><strong>&#8220;L&#8217;\u00e2ge moyen de possession d&#8217;un \u00e9quipement num\u00e9rique est de 10 ans&#8221;<\/strong><\/em><\/p>\n<p><em style=\"font-size: revert; color: initial;\"><a href=\"https:\/\/www.open-asso.org\/wp-content\/uploads\/2020\/02\/Livret-Unaf-Open-version-VF.pdf\">Etude OPEN, 2020<\/a><\/em><\/p><\/blockquote>\n<h2>La Fresque des Cybercitoyens par Advens for People and Planet<\/h2>\n<p>Malgr\u00e9 la r\u00e9alit\u00e9 de la pr\u00e9sence des jeunes de plus en plus importante sur les r\u00e9seaux sociaux et sur internet en g\u00e9n\u00e9ral, la cybers\u00e9curit\u00e9 est un concept encore peu pr\u00e9sent sur les bancs du coll\u00e8ge. Dans le but de sensibiliser les jeunes de 11 \u00e0 14 ans \u00e0 la s\u00e9curit\u00e9 num\u00e9rique et au r\u00f4le de cybercitoyen, la Fresque des Cybercitoyens propose une exp\u00e9rience ludique, collaborative et instructive pour les \u00e9l\u00e8ves de niveau coll\u00e8ge.<\/p>\n<p>La Fresque des Cybercitoyens est un atelier d&#8217;une heure qui a \u00e9t\u00e9 imagin\u00e9 puis d\u00e9velopp\u00e9 en 2023 par le <b>fonds de dotation <\/b><b>Advens<\/b><b> for People and Planet, <\/b>en partenariat avec l&#8217;<b>acad\u00e9mie de Paris <\/b>et gr\u00e2ce \u00e0 l\u2019expertise en cybers\u00e9curit\u00e9 des collaborateurs et collaboratrices de l\u2019<b>entreprise <\/b><b>Advens<\/b>.<\/p>\n<p>Advens for People and Planet est un fonds de dotation, c\u2019est-\u00e0-dire une <strong>organisation \u00e0 but non-lucratif<\/strong>, cr\u00e9\u00e9 en 2021 par Alexandre Fayeulle, le fondateur de la soci\u00e9t\u00e9 de cybers\u00e9curit\u00e9 Advens. Ce fonds d\u00e9veloppe et acc\u00e9l\u00e8re des initiatives \u00e0 impact \u00e0 grande \u00e9chelle, pour \u0153uvrer \u00e0 un monde mieux s\u00e9curis\u00e9 qui soit <strong>plus inclusif, plus \u00e9ducatif, et plus durable<\/strong>, dont la Fresque des Cybercitoyens, <a href=\"https:\/\/laplateforme.io\/cyberpark\/\">Cyberpark<\/a> , Inclusive Cyber Academy, <a href=\"https:\/\/cyberforgood.webflow.io\/\">Cyber for Good<\/a>, etc.<\/p>\n<p>Actuellement, la Fresque est d\u00e9ploy\u00e9e dans 24 acad\u00e9mies de France. Pour en savoir plus sur l&#8217;historique et le d\u00e9ploiement de l&#8217;atelier, rendez-vous <a href=\"https:\/\/fresquedescybercitoyens.fr\/extensions-du-jeu\/\" target=\"_blank\" rel=\"noopener\">juste ici<\/a>.<\/p>\n<h2>L&#8217;\u00e9quipe de la Fresque<\/h2>\n<p>L&#8217;\u00e9quipe a bien \u00e9volu\u00e9 en 3 ans. Aujourd&#8217;hui, vos 2 contacts privil\u00e9gi\u00e9s pour tout ce qui concerne l&#8217;atelier sont :<\/p>\n<ul>\n<li><a href=\"https:\/\/www.linkedin.com\/in\/lgasberaad\/\">Lucile Gasber-Aad<\/a><\/li>\n<li><a href=\"http:\/\/www.linkedin.com\/in\/charlotte-flesch\">Charlotte Flesch<\/a><\/li>\n<\/ul>\n<p><em>Pour toute question, \u00e9crivez-nous \u00e0 l&#8217;adresse <a href=\"mailto:fresquedescybercitoyens@advens.fr\">fresquedescybercitoyens@advens.fr<\/a><\/em><\/p>\n","protected":false},"excerpt":{"rendered":"<p>&#8220;L&#8217;\u00e2ge moyen de possession d&#8217;un \u00e9quipement num\u00e9rique est de 10 ans&#8221; Etude OPEN, 2020 La Fresque des Cybercitoyens par Advens for People and Planet Malgr\u00e9 la r\u00e9alit\u00e9 de la pr\u00e9sence des jeunes de plus en plus importante sur les r\u00e9seaux sociaux et sur internet en g\u00e9n\u00e9ral, la cybers\u00e9curit\u00e9 est un concept encore peu pr\u00e9sent sur [&hellip;]<\/p>\n","protected":false},"author":1,"featured_media":1303,"parent":0,"menu_order":0,"comment_status":"closed","ping_status":"closed","template":"template-page-contenu.php","meta":{"_acf_changed":false,"footnotes":""},"class_list":["post-1301","page","type-page","status-publish","has-post-thumbnail","hentry"],"acf":[],"yoast_head":"<!-- This site is optimized with the Yoast SEO plugin v27.3 - https:\/\/yoast.com\/product\/yoast-seo-wordpress\/ -->\n<title>Qui sommes-nous ? - Fresque des Cybercitoyens<\/title>\n<meta name=\"robots\" content=\"index, follow, max-snippet:-1, max-image-preview:large, max-video-preview:-1\" \/>\n<link rel=\"canonical\" href=\"https:\/\/fresquedescybercitoyens.fr\/de\/qui-sommes-nous\/\" \/>\n<meta property=\"og:locale\" content=\"de_DE\" \/>\n<meta property=\"og:type\" content=\"article\" \/>\n<meta property=\"og:title\" content=\"Qui sommes-nous ? - Fresque des Cybercitoyens\" \/>\n<meta property=\"og:description\" content=\"&#8220;L&#8217;\u00e2ge moyen de possession d&#8217;un \u00e9quipement num\u00e9rique est de 10 ans&#8221; Etude OPEN, 2020 La Fresque des Cybercitoyens par Advens for People and Planet Malgr\u00e9 la r\u00e9alit\u00e9 de la pr\u00e9sence des jeunes de plus en plus importante sur les r\u00e9seaux sociaux et sur internet en g\u00e9n\u00e9ral, la cybers\u00e9curit\u00e9 est un concept encore peu pr\u00e9sent sur [&hellip;]\" \/>\n<meta property=\"og:url\" content=\"https:\/\/fresquedescybercitoyens.fr\/de\/qui-sommes-nous\/\" \/>\n<meta property=\"og:site_name\" content=\"Fresque des Cybercitoyens\" \/>\n<meta name=\"twitter:card\" content=\"summary_large_image\" \/>\n<meta name=\"twitter:label1\" content=\"Est. reading time\" \/>\n\t<meta name=\"twitter:data1\" content=\"1 minute\" \/>\n<script type=\"application\/ld+json\" class=\"yoast-schema-graph\">{\"@context\":\"https:\\\/\\\/schema.org\",\"@graph\":[{\"@type\":\"WebPage\",\"@id\":\"https:\\\/\\\/fresquedescybercitoyens.fr\\\/de\\\/qui-sommes-nous\\\/\",\"url\":\"https:\\\/\\\/fresquedescybercitoyens.fr\\\/de\\\/qui-sommes-nous\\\/\",\"name\":\"Qui sommes-nous ? - Fresque des Cybercitoyens\",\"isPartOf\":{\"@id\":\"https:\\\/\\\/fresquedescybercitoyens.fr\\\/de\\\/#website\"},\"primaryImageOfPage\":{\"@id\":\"https:\\\/\\\/fresquedescybercitoyens.fr\\\/de\\\/qui-sommes-nous\\\/#primaryimage\"},\"image\":{\"@id\":\"https:\\\/\\\/fresquedescybercitoyens.fr\\\/de\\\/qui-sommes-nous\\\/#primaryimage\"},\"thumbnailUrl\":\"https:\\\/\\\/fresquedescybercitoyens.fr\\\/app\\\/uploads\\\/2025\\\/01\\\/boite.png\",\"datePublished\":\"2023-10-26T06:58:24+00:00\",\"breadcrumb\":{\"@id\":\"https:\\\/\\\/fresquedescybercitoyens.fr\\\/de\\\/qui-sommes-nous\\\/#breadcrumb\"},\"inLanguage\":\"de-DE\",\"potentialAction\":[{\"@type\":\"ReadAction\",\"target\":[\"https:\\\/\\\/fresquedescybercitoyens.fr\\\/de\\\/qui-sommes-nous\\\/\"]}]},{\"@type\":\"ImageObject\",\"inLanguage\":\"de-DE\",\"@id\":\"https:\\\/\\\/fresquedescybercitoyens.fr\\\/de\\\/qui-sommes-nous\\\/#primaryimage\",\"url\":\"https:\\\/\\\/fresquedescybercitoyens.fr\\\/app\\\/uploads\\\/2025\\\/01\\\/boite.png\",\"contentUrl\":\"https:\\\/\\\/fresquedescybercitoyens.fr\\\/app\\\/uploads\\\/2025\\\/01\\\/boite.png\",\"width\":1461,\"height\":1034,\"caption\":\"Bo\u00eete du jeu de la Fresque des Cybercitoyens\"},{\"@type\":\"BreadcrumbList\",\"@id\":\"https:\\\/\\\/fresquedescybercitoyens.fr\\\/de\\\/qui-sommes-nous\\\/#breadcrumb\",\"itemListElement\":[{\"@type\":\"ListItem\",\"position\":1,\"name\":\"Accueil\",\"item\":\"https:\\\/\\\/fresquedescybercitoyens.fr\\\/de\\\/\"},{\"@type\":\"ListItem\",\"position\":2,\"name\":\"Qui sommes-nous ?\"}]},{\"@type\":\"WebSite\",\"@id\":\"https:\\\/\\\/fresquedescybercitoyens.fr\\\/de\\\/#website\",\"url\":\"https:\\\/\\\/fresquedescybercitoyens.fr\\\/de\\\/\",\"name\":\"Fresque des Cybercitoyen.nes\",\"description\":\"\",\"potentialAction\":[{\"@type\":\"SearchAction\",\"target\":{\"@type\":\"EntryPoint\",\"urlTemplate\":\"https:\\\/\\\/fresquedescybercitoyens.fr\\\/de\\\/?s={search_term_string}\"},\"query-input\":{\"@type\":\"PropertyValueSpecification\",\"valueRequired\":true,\"valueName\":\"search_term_string\"}}],\"inLanguage\":\"de-DE\"}]}<\/script>\n<!-- \/ Yoast SEO plugin. -->","yoast_head_json":{"title":"Qui sommes-nous ? - Fresque des Cybercitoyens","robots":{"index":"index","follow":"follow","max-snippet":"max-snippet:-1","max-image-preview":"max-image-preview:large","max-video-preview":"max-video-preview:-1"},"canonical":"https:\/\/fresquedescybercitoyens.fr\/de\/qui-sommes-nous\/","og_locale":"de_DE","og_type":"article","og_title":"Qui sommes-nous ? - Fresque des Cybercitoyens","og_description":"&#8220;L&#8217;\u00e2ge moyen de possession d&#8217;un \u00e9quipement num\u00e9rique est de 10 ans&#8221; Etude OPEN, 2020 La Fresque des Cybercitoyens par Advens for People and Planet Malgr\u00e9 la r\u00e9alit\u00e9 de la pr\u00e9sence des jeunes de plus en plus importante sur les r\u00e9seaux sociaux et sur internet en g\u00e9n\u00e9ral, la cybers\u00e9curit\u00e9 est un concept encore peu pr\u00e9sent sur [&hellip;]","og_url":"https:\/\/fresquedescybercitoyens.fr\/de\/qui-sommes-nous\/","og_site_name":"Fresque des Cybercitoyens","twitter_card":"summary_large_image","twitter_misc":{"Est. reading time":"1 minute"},"schema":{"@context":"https:\/\/schema.org","@graph":[{"@type":"WebPage","@id":"https:\/\/fresquedescybercitoyens.fr\/de\/qui-sommes-nous\/","url":"https:\/\/fresquedescybercitoyens.fr\/de\/qui-sommes-nous\/","name":"Qui sommes-nous ? - Fresque des Cybercitoyens","isPartOf":{"@id":"https:\/\/fresquedescybercitoyens.fr\/de\/#website"},"primaryImageOfPage":{"@id":"https:\/\/fresquedescybercitoyens.fr\/de\/qui-sommes-nous\/#primaryimage"},"image":{"@id":"https:\/\/fresquedescybercitoyens.fr\/de\/qui-sommes-nous\/#primaryimage"},"thumbnailUrl":"https:\/\/fresquedescybercitoyens.fr\/app\/uploads\/2025\/01\/boite.png","datePublished":"2023-10-26T06:58:24+00:00","breadcrumb":{"@id":"https:\/\/fresquedescybercitoyens.fr\/de\/qui-sommes-nous\/#breadcrumb"},"inLanguage":"de-DE","potentialAction":[{"@type":"ReadAction","target":["https:\/\/fresquedescybercitoyens.fr\/de\/qui-sommes-nous\/"]}]},{"@type":"ImageObject","inLanguage":"de-DE","@id":"https:\/\/fresquedescybercitoyens.fr\/de\/qui-sommes-nous\/#primaryimage","url":"https:\/\/fresquedescybercitoyens.fr\/app\/uploads\/2025\/01\/boite.png","contentUrl":"https:\/\/fresquedescybercitoyens.fr\/app\/uploads\/2025\/01\/boite.png","width":1461,"height":1034,"caption":"Bo\u00eete du jeu de la Fresque des Cybercitoyens"},{"@type":"BreadcrumbList","@id":"https:\/\/fresquedescybercitoyens.fr\/de\/qui-sommes-nous\/#breadcrumb","itemListElement":[{"@type":"ListItem","position":1,"name":"Accueil","item":"https:\/\/fresquedescybercitoyens.fr\/de\/"},{"@type":"ListItem","position":2,"name":"Qui sommes-nous ?"}]},{"@type":"WebSite","@id":"https:\/\/fresquedescybercitoyens.fr\/de\/#website","url":"https:\/\/fresquedescybercitoyens.fr\/de\/","name":"Fresque des Cybercitoyen.nes","description":"","potentialAction":[{"@type":"SearchAction","target":{"@type":"EntryPoint","urlTemplate":"https:\/\/fresquedescybercitoyens.fr\/de\/?s={search_term_string}"},"query-input":{"@type":"PropertyValueSpecification","valueRequired":true,"valueName":"search_term_string"}}],"inLanguage":"de-DE"}]}},"_links":{"self":[{"href":"https:\/\/fresquedescybercitoyens.fr\/de\/wp-json\/wp\/v2\/pages\/1301","targetHints":{"allow":["GET"]}}],"collection":[{"href":"https:\/\/fresquedescybercitoyens.fr\/de\/wp-json\/wp\/v2\/pages"}],"about":[{"href":"https:\/\/fresquedescybercitoyens.fr\/de\/wp-json\/wp\/v2\/types\/page"}],"author":[{"embeddable":true,"href":"https:\/\/fresquedescybercitoyens.fr\/de\/wp-json\/wp\/v2\/users\/1"}],"replies":[{"embeddable":true,"href":"https:\/\/fresquedescybercitoyens.fr\/de\/wp-json\/wp\/v2\/comments?post=1301"}],"version-history":[{"count":0,"href":"https:\/\/fresquedescybercitoyens.fr\/de\/wp-json\/wp\/v2\/pages\/1301\/revisions"}],"wp:featuredmedia":[{"embeddable":true,"href":"https:\/\/fresquedescybercitoyens.fr\/de\/wp-json\/wp\/v2\/media\/1303"}],"wp:attachment":[{"href":"https:\/\/fresquedescybercitoyens.fr\/de\/wp-json\/wp\/v2\/media?parent=1301"}],"curies":[{"name":"wp","href":"https:\/\/api.w.org\/{rel}","templated":true}]}}

<blockquote><p><em><strong>&#8220;L&#8217;âge moyen de possession d&#8217;un équipement numérique est de 10 ans&#8221;</strong></em></p>
<p><em style="font-size: revert; color: initial;"><a href="https://www.open-asso.org/wp-content/uploads/2020/02/Livret-Unaf-Open-version-VF.pdf">Etude OPEN, 2020</a></em></p></blockquote>
<h2>La Fresque des Cybercitoyens par Advens for People and Planet</h2>
<p>Malgré la réalité de la présence des jeunes de plus en plus importante sur les réseaux sociaux et sur internet en général, la cybersécurité est un concept encore peu présent sur les bancs du collège. Dans le but de sensibiliser les jeunes de 11 à 14 ans à la sécurité numérique et au rôle de cybercitoyen, la Fresque des Cybercitoyens propose une expérience ludique, collaborative et instructive pour les élèves de niveau collège.</p>
<p>La Fresque des Cybercitoyens est un atelier d&#8217;une heure qui a été imaginé puis développé en 2023 par le <b>fonds de dotation </b><b>Advens</b><b> for People and Planet, </b>en partenariat avec l&#8217;<b>académie de Paris </b>et grâce à l’expertise en cybersécurité des collaborateurs et collaboratrices de l’<b>entreprise </b><b>Advens</b>.</p>
<p>Advens for People and Planet est un fonds de dotation, c’est-à-dire une <strong>organisation à but non-lucratif</strong>, créé en 2021 par Alexandre Fayeulle, le fondateur de la société de cybersécurité Advens. Ce fonds développe et accélère des initiatives à impact à grande échelle, pour œuvrer à un monde mieux sécurisé qui soit <strong>plus inclusif, plus éducatif, et plus durable</strong>, dont la Fresque des Cybercitoyens, <a href="https://laplateforme.io/cyberpark/">Cyberpark</a> , Inclusive Cyber Academy, <a href="https://cyberforgood.webflow.io/">Cyber for Good</a>, etc.</p>
<p>Actuellement, la Fresque est déployée dans 24 académies de France. Pour en savoir plus sur l&#8217;historique et le déploiement de l&#8217;atelier, rendez-vous <a href="https://fresquedescybercitoyens.fr/extensions-du-jeu/" target="_blank" rel="noopener">juste ici</a>.</p>
<h2>L&#8217;équipe de la Fresque</h2>
<p>L&#8217;équipe a bien évolué en 3 ans. Aujourd&#8217;hui, vos 2 contacts privilégiés pour tout ce qui concerne l&#8217;atelier sont :</p>
<ul>
<li><a href="https://www.linkedin.com/in/lgasberaad/">Lucile Gasber-Aad</a></li>
<li><a href="http://www.linkedin.com/in/charlotte-flesch">Charlotte Flesch</a></li>
</ul>
<p><em>Pour toute question, écrivez-nous à l&#8217;adresse <a href="mailto:fresquedescybercitoyens@advens.fr">fresquedescybercitoyens@advens.fr</a></em></p>

<p>&#8220;L&#8217;âge moyen de possession d&#8217;un équipement numérique est de 10 ans&#8221; Etude OPEN, 2020 La Fresque des Cybercitoyens par Advens for People and Planet Malgré la réalité de la présence des jeunes de plus en plus importante sur les réseaux sociaux et sur internet en général, la cybersécurité est un concept encore peu présent sur [&hellip;]</p>

<!-- This site is optimized with the Yoast SEO plugin v27.3 - https://yoast.com/product/yoast-seo-wordpress/ -->
<title>Qui sommes-nous ? - Fresque des Cybercitoyens</title>
<meta name="robots" content="index, follow, max-snippet:-1, max-image-preview:large, max-video-preview:-1" />
<link rel="canonical" href="https://fresquedescybercitoyens.fr/de/qui-sommes-nous/" />
<meta property="og:locale" content="de_DE" />
<meta property="og:type" content="article" />
<meta property="og:title" content="Qui sommes-nous ? - Fresque des Cybercitoyens" />
<meta property="og:description" content="&#8220;L&#8217;âge moyen de possession d&#8217;un équipement numérique est de 10 ans&#8221; Etude OPEN, 2020 La Fresque des Cybercitoyens par Advens for People and Planet Malgré la réalité de la présence des jeunes de plus en plus importante sur les réseaux sociaux et sur internet en général, la cybersécurité est un concept encore peu présent sur [&hellip;]" />
<meta property="og:url" content="https://fresquedescybercitoyens.fr/de/qui-sommes-nous/" />
<meta property="og:site_name" content="Fresque des Cybercitoyens" />
<meta name="twitter:card" content="summary_large_image" />
<meta name="twitter:label1" content="Est. reading time" />
	<meta name="twitter:data1" content="1 minute" />
<script type="application/ld+json" class="yoast-schema-graph">{"@context":"https:\/\/schema.org","@graph":[{"@type":"WebPage","@id":"https:\/\/fresquedescybercitoyens.fr\/de\/qui-sommes-nous\/","url":"https:\/\/fresquedescybercitoyens.fr\/de\/qui-sommes-nous\/","name":"Qui sommes-nous ? - Fresque des Cybercitoyens","isPartOf":{"@id":"https:\/\/fresquedescybercitoyens.fr\/de\/#website"},"primaryImageOfPage":{"@id":"https:\/\/fresquedescybercitoyens.fr\/de\/qui-sommes-nous\/#primaryimage"},"image":{"@id":"https:\/\/fresquedescybercitoyens.fr\/de\/qui-sommes-nous\/#primaryimage"},"thumbnailUrl":"https:\/\/fresquedescybercitoyens.fr\/app\/uploads\/2025\/01\/boite.png","datePublished":"2023-10-26T06:58:24+00:00","breadcrumb":{"@id":"https:\/\/fresquedescybercitoyens.fr\/de\/qui-sommes-nous\/#breadcrumb"},"inLanguage":"de-DE","potentialAction":[{"@type":"ReadAction","target":["https:\/\/fresquedescybercitoyens.fr\/de\/qui-sommes-nous\/"]}]},{"@type":"ImageObject","inLanguage":"de-DE","@id":"https:\/\/fresquedescybercitoyens.fr\/de\/qui-sommes-nous\/#primaryimage","url":"https:\/\/fresquedescybercitoyens.fr\/app\/uploads\/2025\/01\/boite.png","contentUrl":"https:\/\/fresquedescybercitoyens.fr\/app\/uploads\/2025\/01\/boite.png","width":1461,"height":1034,"caption":"Boîte du jeu de la Fresque des Cybercitoyens"},{"@type":"BreadcrumbList","@id":"https:\/\/fresquedescybercitoyens.fr\/de\/qui-sommes-nous\/#breadcrumb","itemListElement":[{"@type":"ListItem","position":1,"name":"Accueil","item":"https:\/\/fresquedescybercitoyens.fr\/de\/"},{"@type":"ListItem","position":2,"name":"Qui sommes-nous ?"}]},{"@type":"WebSite","@id":"https:\/\/fresquedescybercitoyens.fr\/de\/#website","url":"https:\/\/fresquedescybercitoyens.fr\/de\/","name":"Fresque des Cybercitoyen.nes","description":"","potentialAction":[{"@type":"SearchAction","target":{"@type":"EntryPoint","urlTemplate":"https:\/\/fresquedescybercitoyens.fr\/de\/?s={search_term_string}"},"query-input":{"@type":"PropertyValueSpecification","valueRequired":true,"valueName":"search_term_string"}}],"inLanguage":"de-DE"}]}</script>
<!-- / Yoast SEO plugin. -->

&#8220;L&#8217;âge moyen de possession d&#8217;un équipement numérique est de 10 ans&#8221; Etude OPEN, 2020 La Fresque des Cybercitoyens par Advens for People and Planet Malgré la réalité de la présence des jeunes de plus en plus importante sur les réseaux sociaux et sur internet en général, la cybersécurité est un concept encore peu présent sur [&hellip;]

Boîte du jeu de la Fresque des Cybercitoyens
